{"id":51,"date":"2018-04-24T19:47:52","date_gmt":"2018-04-24T19:47:52","guid":{"rendered":"http:\/\/zauberwelt.dassassad.de\/?page_id=51"},"modified":"2018-04-24T20:38:36","modified_gmt":"2018-04-24T20:38:36","slug":"warum-tragen","status":"publish","type":"page","link":"https:\/\/judith-grommes.de\/?page_id=51","title":{"rendered":"Warum Tragen?"},"content":{"rendered":"<p><img loading=\"lazy\" class=\"alignnone  wp-image-86\" src=\"http:\/\/zauberwelt.dassassad.de\/wp-content\/uploads\/2018\/04\/DSC0068-199x300.jpg\" alt=\"\" width=\"226\" height=\"341\" srcset=\"https:\/\/judith-grommes.de\/wp-content\/uploads\/2018\/04\/DSC0068-199x300.jpg 199w, https:\/\/judith-grommes.de\/wp-content\/uploads\/2018\/04\/DSC0068-768x1160.jpg 768w, https:\/\/judith-grommes.de\/wp-content\/uploads\/2018\/04\/DSC0068-678x1024.jpg 678w, https:\/\/judith-grommes.de\/wp-content\/uploads\/2018\/04\/DSC0068-700x1057.jpg 700w, https:\/\/judith-grommes.de\/wp-content\/uploads\/2018\/04\/DSC0068-332x501.jpg 332w\" sizes=\"(max-width: 226px) 100vw, 226px\" \/><\/p>\n<p>Der Mensch ist ein Tragling, doch es gibt nat\u00fcrlich noch sehr viel mehr Gr\u00fcnde zu tragen!<\/p>\n<ul>\n<li><em>Tragen st\u00e4rkt die Bindung zwischen Eltern und Kind<\/em><\/li>\n<li><em>Tragen deckt die Grunbed\u00fcrfnisse nach N\u00e4he, Geborgenheit und Liebe<\/em><\/li>\n<li><em>Tragen f\u00f6rdert die Milchbildung<\/em><\/li>\n<li><em>Tragen ist praktisch und erleichtert den Alltag. Das Kind ist \u00fcberall dabei, die Eltern haben\u00a0 trotzdem die H\u00e4nde frei<\/em><\/li>\n<li><em>Das Kind schl\u00e4ft beim tragen l\u00e4nger und entspannter<\/em><\/li>\n<li><em>Tragen spendet Trost und beruhigt<\/em><\/li>\n<li><em>Tragen unterst\u00fctzt die k\u00f6rperliche Entwicklung des Kindes und die H\u00fcrftreifung<\/em><\/li>\n<li><em>Tragen erleichtert dem Kind das Kn\u00fcpfen von Kontakten<\/em><\/li>\n<li><em>Tuch oder Tragehilfe sind Platzsparend. Der \u201cKindertransport f\u00fcr die Handtasche\u201d<\/em><\/li>\n<\/ul>\n","protected":false},"excerpt":{"rendered":"<p>Der Mensch ist ein Tragling, doch es gibt nat\u00fcrlich noch sehr viel mehr Gr\u00fcnde zu tragen! Tragen st\u00e4rkt die Bindung zwischen Eltern und Kind Tragen deckt die Grunbed\u00fcrfnisse nach N\u00e4he, Geborgenheit und Liebe Tragen f\u00f6rdert die Milchbildung Tragen ist praktisch und erleichtert den Alltag. Das Kind ist \u00fcberall dabei, die &#8230;<\/p>\n","protected":false},"author":2,"featured_media":0,"parent":0,"menu_order":0,"comment_status":"closed","ping_status":"closed","template":"","meta":[],"_links":{"self":[{"href":"https:\/\/judith-grommes.de\/index.php?rest_route=\/wp\/v2\/pages\/51"}],"collection":[{"href":"https:\/\/judith-grommes.de\/index.php?rest_route=\/wp\/v2\/pages"}],"about":[{"href":"https:\/\/judith-grommes.de\/index.php?rest_route=\/wp\/v2\/types\/page"}],"author":[{"embeddable":true,"href":"https:\/\/judith-grommes.de\/index.php?rest_route=\/wp\/v2\/users\/2"}],"replies":[{"embeddable":true,"href":"https:\/\/judith-grommes.de\/index.php?rest_route=%2Fwp%2Fv2%2Fcomments&post=51"}],"version-history":[{"count":3,"href":"https:\/\/judith-grommes.de\/index.php?rest_route=\/wp\/v2\/pages\/51\/revisions"}],"predecessor-version":[{"id":88,"href":"https:\/\/judith-grommes.de\/index.php?rest_route=\/wp\/v2\/pages\/51\/revisions\/88"}],"wp:attachment":[{"href":"https:\/\/judith-grommes.de\/index.php?rest_route=%2Fwp%2Fv2%2Fmedia&parent=51"}],"curies":[{"name":"wp","href":"https:\/\/api.w.org\/{rel}","templated":true}]}}

<p><img loading="lazy" class="alignnone  wp-image-86" src="http://zauberwelt.dassassad.de/wp-content/uploads/2018/04/DSC0068-199x300.jpg" alt="" width="226" height="341" srcset="https://judith-grommes.de/wp-content/uploads/2018/04/DSC0068-199x300.jpg 199w, https://judith-grommes.de/wp-content/uploads/2018/04/DSC0068-768x1160.jpg 768w, https://judith-grommes.de/wp-content/uploads/2018/04/DSC0068-678x1024.jpg 678w, https://judith-grommes.de/wp-content/uploads/2018/04/DSC0068-700x1057.jpg 700w, https://judith-grommes.de/wp-content/uploads/2018/04/DSC0068-332x501.jpg 332w" sizes="(max-width: 226px) 100vw, 226px" /></p>
<p>Der Mensch ist ein Tragling, doch es gibt natürlich noch sehr viel mehr Gründe zu tragen!</p>
<ul>
<li><em>Tragen stärkt die Bindung zwischen Eltern und Kind</em></li>
<li><em>Tragen deckt die Grunbedürfnisse nach Nähe, Geborgenheit und Liebe</em></li>
<li><em>Tragen fördert die Milchbildung</em></li>
<li><em>Tragen ist praktisch und erleichtert den Alltag. Das Kind ist überall dabei, die Eltern haben  trotzdem die Hände frei</em></li>
<li><em>Das Kind schläft beim tragen länger und entspannter</em></li>
<li><em>Tragen spendet Trost und beruhigt</em></li>
<li><em>Tragen unterstützt die körperliche Entwicklung des Kindes und die Hürftreifung</em></li>
<li><em>Tragen erleichtert dem Kind das Knüpfen von Kontakten</em></li>
<li><em>Tuch oder Tragehilfe sind Platzsparend. Der “Kindertransport für die Handtasche”</em></li>
</ul>

<p>Der Mensch ist ein Tragling, doch es gibt natürlich noch sehr viel mehr Gründe zu tragen! Tragen stärkt die Bindung zwischen Eltern und Kind Tragen deckt die Grunbedürfnisse nach Nähe, Geborgenheit und Liebe Tragen fördert die Milchbildung Tragen ist praktisch und erleichtert den Alltag. Das Kind ist überall dabei, die &#8230;</p>
